 501124 is divided by 31319.
20
What is the remainder when 1098436 is divided by 374?
372
What is the remainder when 124 is divided by 8?
4
What is the remainder when 3271 is divided by 69?
28
What is the remainder when 3591 is divided by 114?
57
What is the remainder when 1678 is divided by 1653?
25
What is the remainder when 6323 is divided by 329?
72
Calculate the remainder when 10422 is divided by 1158.
0
What is the remainder when 1063 is divided by 150?
13
What is the remainder when 1103 is divided by 564?
539
What is the remainder when 46071 is divided by 26?
25
What is the remainder when 22208 is divided by 42?
32
What is the remainder when 1885 is divided by 590?
115
What is the remainder when 264400 is divided by 88127?
19
Calculate the remainder when 295 is divided by 8.
7
Calculate the remainder when 118045 is divided by 14.
11
Calculate the remainder when 3516 is divided by 874.
20
What is the remainder when 2517 is divided by 229?
227
What is the remainder when 26632 is divided by 284?
220
What is the remainder when 1562019 is divided by 483?
480
What is the remainder when 4097 is divided by 15?
2
What is the remainder when 11404 is divided by 76?
4
What is the remainder when 643163 is divided by 11?
4
Calculate the remainder when 1827 is divided by 1336.
491
Calculate the remainder when 3902433 is divided by 859.
855
What is the remainder when 68037 is divided by 70?
67
Calculate the remainder when 3706 is divided by 14.
10
Calculate the remainder when 80397 is divided by 1827.
9
Calculate the remainder when 14056 is divided by 128.
104
Calculate the remainder when 6032 is divided by 572.
312
What is the remainder when 374543 is divided by 330?
323
What is the remainder when 2540 is divided by 444?
320
What is the remainder when 9785 is divided by 468?
425
What is the remainder when 57731 is divided by 946?
25
What is the remainder when 182170 is divided by 36427?
35
Calculate the remainder when 219246 is divided by 192.
174
What is the remainder when 7911 is divided by 7899?
12
What is the remainder when 358090 is divided by 11?
7
What is the remainder when 7337 is divided by 180?
137
Calculate the remainder when 117234 is divided by 655.
644
Calculate the remainder when 432539 is divided by 432528.
11
Calculate the remainder when 3843 is divided by 2688.
1155
What is the remainder when 2420 is divided by 504?
404
Calculate the remainder when 75646 is divided by 409.
390
Calculate the remainder when 987 is divided by 189.
42
What is the remainder when 2517 is divided by 156?
21
Calculate the remainder when 224858 is divided by 17.
16
Calculate the remainder when 513268 is divided by 10.
8
Calculate the remainder when 47356 is divided by 23669.
18
Calculate the remainder when 7770 is divided by 850.
120
What is the remainder when 1587 is divided by 224?
19
Calculate the remainder when 110149 is divided by 7.
4
Calculate the remainder when 158294 is divided by 1522.
6
What is the remainder when 18397 is divided by 418?
5
Calculate the remainder when 20820 is divided by 175.
170
Calculate the remainder when 220 is divided by 91.
38
Calculate the remainder when 614691 is divided by 152.
3
Calculate the remainder when 2056 is divided by 679.
19
Calculate the remainder when 8900 is divided by 815.
750
Calculate the remainder when 5633 is divided by 512.
1
What is the remainder when 288748 is divided by 18?
10
Calculate the remainder when 66608 is divided by 21.
17
What is the remainder when 6170 is divided by 147?
143
What is the remainder when 10855 is divided by 118?
117
Calculate the remainder when 7765 is divided by 1288.
37
What is the remainder when 1386 is divided by 405?
171
What is the remainder when 110013 is divided by 203?
190
Calculate the remainder when 113997 is divided by 15.
12
What is the remainder when 5671 is divided by 61?
59
Calculate the remainder when 75936 is divided by 5415.
126
Calculate the remainder when 21331 is divided by 823.
756
What is the remainder when 166866 is divided by 182?
154
Calculate the remainder when 10617 is divided by 193.
2
What is the remainder when 36673 is divided by 1265?
1253
What is the remainder when 4584 is divided by 1523?
15
Calculate the remainder when 37935 is divided by 71.
21
What is the remainder when 5328 is divided by 1763?
39
What is the remainder when 1132 is divided by 417?
298
What is the remainder when 548491 is divided by 363?
361
What is the remainder when 111304 is divided by 265?
4
What is the remainder when 1087 is divided by 152?
23
What is the remainder when 5065 is divided by 776?
409
What is the remainder when 64803 is divided by 143?
24
What is the remainder when 40706 is divided by 1074?
968
Calculate the remainder when 4356 is divided by 263.
148
Calculate the remainder when 62716 is divided by 20904.
4
What is the remainder when 9905 is divided by 296?
137
Calculate the remainder when 25320 is divided by 1819.
1673
What is the remainder when 17263 is divided by 17195?
68
Calculate the remainder when 23716 is divided by 11850.
16
Calculate the remainder when 481272 is divided by 30.
12
Calculate the remainder when 9412 is divided by 2350.
12
What is the remainder when 4453 is divided by 23?
14
What is the remainder when 37526 is divided by 1251?
1247
What is the remainder when 11094 is divided by 18?
6
Calculate the remainder when 61735 is divided by 363.
25
Calculate the remainder when 1453 is divided by 38.
9
Calculate the remainder when 54065 is divided by 18016.
17
What is the remainder when 274428 is divided by 12?
0
Calculate the remainder when 140 is divided by 102.
38
Calculate the remainder when 33578 is divided by 167.
11
What is the remainder when 354514 is divided by 67?
17
Calculate the remainder when 869760 is divided by 144960.
0
What is the remainder when 403057 is divided by 983?
27
Calculate the remainder when 42048 is divided by 129.
123
Calculate the remainder when 27434 is divided by 435.
29
What is the remainder when 69917 is divided by 1166?
1123
Calculate the remainder when 786 is divided by 201.
183
Calculate the remainder when 283493 is divided by 3048.
29
Calculate the remainder when 13676 is divided by 2228.
308
What is the remainder when 196239 is divided by 20?
19
What is the remainder when 8634 is divided by 2153?
22
Calculate the remainder when 138958 is divided by 26.
14
What is the remainder when 39470 is divided by 177?
176
What is the remainder when 2687 is divided by 157?
18
Calculate the remainder when 14164 is divided by 61.
12
Calculate the remainder when 26857 is divided by 970.
667
What is the remainder when 407 is divided by 270?
137
What is the remainder when 18631 is divided by 235?
66
What is the remainder when 242948 is divided by 212?
208
What is the remainder when 17403 is divided by 363?
342
What is the remainder when 21638 is divided by 185?
178
What is the remainder when 2443 is divided by 1132?
179
What is the remainder when 241095 is divided by 241073?
22
What is the remainder when 8660 is divided by 2854?
98
What is the remainder when 5054 is divided by 2517?
20
What is the remainder when 2501 is divided by 673?
482
Calculate the remainder when 63050 is divided by 56.
50
Calculate the remainder when 1155 is divided by 21.
0
What is the remainder when 21590 is divided by 2006?
1530
Calculate the remainder when 85591 is divided by 20.
11
Calculate the remainder when 12217 is divided by 1357.
4
What is the remainder when 64011 is divided by 5321?
159
Calculate the remainder when 3064 is divided by 3054.
10
What is the remainder when 1062357 is divided by 30?
27
Calculate the remainder when 868 is divided by 441.
427
What is the remainder when 1685 is divided by 424?
413
Calculate the remainder when 32265 is divided by 876.
729
Calculate the remainder when 15895 is divided by 756.
19
Calculate the remainder when 771 is divided by 22.
1
Calculate the remainder when 3087 is divided by 444.
423
What is the remainder when 6790 is divided by 664?
150
What is the remainder when 12688 is divided by 6328?
32
What is the remainder when 2568 is divided by 376?
312
What is the remainder when 22829 is divided by 387?
383
Calculate the remainder when 614 is divided by 373.
241
What is the remainder when 5063 i